{"id":281,"date":"2021-01-30T16:28:59","date_gmt":"2021-01-30T15:28:59","guid":{"rendered":"http:\/\/jeanracine.org\/cijr\/?page_id=281"},"modified":"2021-05-06T15:34:06","modified_gmt":"2021-05-06T13:34:06","slug":"l-homme-de-theatre","status":"publish","type":"page","link":"https:\/\/jeanracine.org\/cijr\/l-homme-de-theatre\/","title":{"rendered":"L&rsquo;homme de th\u00e9\u00e2tre"},"content":{"rendered":"<p style=\"text-align: justify;\"><span style=\"font-weight: 400;\">Apr\u00e8s l\u2019\u00e9chec des man\u0153uvres qui devaient lui assurer un b\u00e9n\u00e9fice, <\/span><span style=\"font-weight: 400;\">Racine revient \u00e0 Paris au printemps 1663, et se lance de nouveau dans la carri\u00e8re des lettres. Il c\u00f4toie les Vitart, les Liancourt (proches de Port-Royal), et essaie d\u2019approcher les \u00e9crivains, en particulier Chapelain, charg\u00e9 d\u00e9sormais d\u2019accorder les pensions royales.<\/span><\/p>\n<p style=\"text-align: justify;\"><span style=\"font-weight: 400;\">En 1664, Racine b\u00e9n\u00e9ficie d\u2019une conjoncture favorable : suite \u00e0 l\u2019interdiction du Tartuffe, la troupe de Moli\u00e8re accepte de jouer sa nouvelle trag\u00e9die de Racine, <\/span><i><span style=\"font-weight: 400;\">La Th\u00e9ba\u00efde<\/span><\/i><span style=\"font-weight: 400;\">, qui raconte le conflit entre deux fr\u00e8res ennemis, Eteocle et Polynice, les enfants d\u2019Oedipe, qui s\u2019entred\u00e9chirent pour occuper le tr\u00f4ne de Th\u00e8bes. La trag\u00e9die est violente, cruelle, et le public ne lui accorde qu\u2019un demi-succ\u00e8s. Inceste, crimes\u2026 le public dans ces ann\u00e9es cherchait surtout du romanesque, de la galanterie et des sentiments tendres, et fut d\u00e9\u00e7u par tant d\u2019horreur. On red\u00e9couvre aujourd\u2019hui cette pi\u00e8ce fid\u00e8le aux principes de la trag\u00e9die : des haines familiales et vendettales, une mal\u00e9diction c\u00e9leste inflig\u00e9e par des dieux cruels; Racine donne \u00e0 voir la peinture du mal, du p\u00e9ch\u00e9, des haines ant\u00e9rieures m\u00eames \u00e0 la naissance; une querelle fratricide, forme supr\u00eame du conflit tragique selon Aristote, et l\u2019ombre du mal qui recouvre tout de son sinistre manteau. Cette pi\u00e8ce ne connut pas le triomphe, mais ne fut pas non plus un cuisant \u00e9chec : elle valut au jeune po\u00e8te une pension de 600 livres, plus quelques centaines de livres que lui ont procur\u00e9 les repr\u00e9sentations et la vente. C\u2019est le d\u00e9but de la carri\u00e8re. <\/span><span style=\"font-weight: 400;\">Racine devient, comme le dit Louis Racine\u00a0 :<\/span><\/p>\n<blockquote>\n<p style=\"text-align: justify;\"><span style=\"font-weight: 400; font-size: 14pt;\">\u201cUn jeune auteur qui cherche \u00e0 plaire \u00e0 la cour d\u2019un jeune roi o\u00f9 l\u2019on respire l\u2019amour et la galanterie, fait respirer le m\u00eame air \u00e0 ses h\u00e9ros et \u00e0 ses h\u00e9ro\u00efnes\u201d.<\/span><\/p>\n<\/blockquote>\n<p style=\"text-align: justify;\"><span style=\"font-weight: 400;\"><em>Racine ou le cam\u00e9l\u00e9on<\/em>, une fois de plus : il se coule volontiers dans les modes, sait r\u00e9pondre aux attentes du public. En 1665, il donne une trag\u00e9die plus galante, plus conforme au go\u00fbt du public : <em>Alexandre le Grand.<\/em> Il y met en sc\u00e8ne un Alexandre corn\u00e9lien, qui se d\u00e9cide \u00e0 pardonner, mais les vers sont teint\u00e9s de l\u2019esprit mondain qui faisait alors fureur \u00e0 Paris. La pi\u00e8ce est un grand succ\u00e8s aupr\u00e8s des princes, et reprise en Ville\u2026 non au Palais-Royal, chez Moli\u00e8re, mais \u00e0 l\u2019h\u00f4tel de Bourgogne. On a longtemps dit que Racine avait abandonn\u00e9 Moli\u00e8re par arrivisme, pour lui pr\u00e9f\u00e9rer la troupe prestigieuse de l\u2019H\u00f4tel de Bourgogne. Georges Forestier estime qu&rsquo;il s&rsquo;agit plut\u00f4t d&rsquo;une d\u00e9cision du roi.\u00a0 Quoi qu&rsquo;il en soit, Racine, cette fois, est lanc\u00e9. Les pi\u00e8ces s&rsquo;encha\u00eenent: <em>Andromaque\u00a0<\/em>(1667), \u00ab\u00a0succ\u00e8s de larmes\u00a0\u00bb aupr\u00e8s du public, est un triomphe; l&rsquo;ann\u00e9e suivante, il s&rsquo;essaie avec la com\u00e9die des\u00a0<em>Plaideurs<\/em>, inspir\u00e9e d&rsquo;Aristophane, mais ne poursuivra pas dans la voie du rire. Avec <em>Britannicus <\/em>(1669), pi\u00e8ce romaine, il renoue avec la trag\u00e9die et tente de s\u00e9duire les doctes: il n&rsquo;obtient qu&rsquo;un succ\u00e8s m\u00e9diocre. L&rsquo;ann\u00e9e suivante, il fait jouer <em>B\u00e9r\u00e9nice <\/em>(1670): le jeune dramaturge d\u00e9cide la confrontation directe avec Corneille, et remporte une \u00e9clatante victoire sur son a\u00een\u00e9, avec cette histoire d&rsquo;amour pleine de \u00ab\u00a0tristesse majestueuse\u00a0\u00bb, r\u00e9solue sans mort violente. Puis viennent coup sur coup en 1672 <em>Bajazet<\/em> et\u00a0<em>Mithridate<\/em>, la trag\u00e9die pr\u00e9f\u00e9r\u00e9e du roi. Les productions s&rsquo;espacent ensuite: <em>Iphig\u00e9nie<\/em>, b\u00e9n\u00e9ficie d&rsquo;une mise en sc\u00e8ne grandiose lors de sa cr\u00e9ation \u00e0 Versailles, en ao\u00fbt 1674 ; et <em>Ph\u00e8dre<\/em> trois ans plus tard (1677), la derni\u00e8re trag\u00e9die profane de Racine.<\/span><\/p>\n<p style=\"text-align: justify;\"><span style=\"font-weight: 400;\">Racine para\u00eet de prime abord bien loin de Port-Royal pendant cette p\u00e9riode tumultueuse de son existence. Il s&rsquo;\u00e9prend successivement des deux actrices qui incarnent ses h\u00e9ro\u00efnes: d<\/span><span style=\"font-weight: 400;\">\u2019abord la Du Parc, <em>alias<\/em> \u00ab\u00a0Marquise\u00a0\u00bb (1633-1668), qui cr\u00e9a le r\u00f4le d\u2019<em>Andromaque;<\/em> puis la Champmesl\u00e9, n\u00e9e \u00e0 Rouen et que sa ville natale honore en lui donnant le nom d\u2019une rue en centre-ville.<\/span><\/p>\n<table style=\"border-collapse: collapse; width: 100%;\">\n<tbody>\n<tr>\n<td style=\"width: 50%;\">\n<p><figure id=\"attachment_459\" aria-describedby=\"caption-attachment-459\" style=\"width: 149px\" class=\"wp-caption alignnone\"><img loading=\"lazy\" decoding=\"async\" class=\"wp-image-459 \" src=\"http:\/\/jeanracine.org\/cijr\/wp-content\/uploads\/2021\/02\/marquise-230x300.png\" alt=\"\" width=\"149\" height=\"194\" srcset=\"https:\/\/jeanracine.org\/cijr\/wp-content\/uploads\/2021\/02\/marquise-230x300.png 230w, https:\/\/jeanracine.org\/cijr\/wp-content\/uploads\/2021\/02\/marquise.png 281w\" sizes=\"auto, (max-width: 149px) 100vw, 149px\" \/><figcaption id=\"caption-attachment-459\" class=\"wp-caption-text\">\u201cMarquise\u201d Du Parc (1633-1668)<\/figcaption><\/figure><\/td>\n<td style=\"width: 50%;\">\n<p><figure id=\"attachment_460\" aria-describedby=\"caption-attachment-460\" style=\"width: 162px\" class=\"wp-caption alignnone\"><img loading=\"lazy\" decoding=\"async\" class=\" wp-image-460\" src=\"http:\/\/jeanracine.org\/cijr\/wp-content\/uploads\/2021\/02\/champmsele-240x300.png\" alt=\"\" width=\"162\" height=\"203\" srcset=\"https:\/\/jeanracine.org\/cijr\/wp-content\/uploads\/2021\/02\/champmsele-240x300.png 240w, https:\/\/jeanracine.org\/cijr\/wp-content\/uploads\/2021\/02\/champmsele.png 425w\" sizes=\"auto, (max-width: 162px) 100vw, 162px\" \/><figcaption id=\"caption-attachment-460\" class=\"wp-caption-text\">Marie Champmesl\u00e9 (1642-1698)<\/figcaption><\/figure><\/td>\n<\/tr>\n<\/tbody>\n<\/table>\n<p style=\"text-align: justify;\"><span style=\"font-weight: 400;\">Il accumule en m\u00eame temps les honneurs et les gratifications :\u00a0 en <\/span><span style=\"font-weight: 400;\">1672, il entre \u00e0 l&rsquo;Acad\u00e9mie fran\u00e7aise; en 1674, il devient tr\u00e9sorier g\u00e9n\u00e9ral de France \u00e0 Moulins (la charge est anoblissante). Et en 1677, renonce au th\u00e9\u00e2tre, activit\u00e9 encore consid\u00e9r\u00e9e comme sulfureuse, pour occuper la charge bien plus respectable d\u2019historiographe du roi ; la m\u00eame ann\u00e9e, il se marie bourgeoisement avec Catherine de Romanet, dont il aura sept enfants.<\/span><\/p>\n<p><img loading=\"lazy\" decoding=\"async\" class=\"size-medium wp-image-461 aligncenter\" src=\"http:\/\/jeanracine.org\/cijr\/wp-content\/uploads\/2021\/02\/Blasons_Jean_Racine_et_Catherine_de_Romanet-300x87.jpg\" alt=\"\" width=\"300\" height=\"87\" srcset=\"https:\/\/jeanracine.org\/cijr\/wp-content\/uploads\/2021\/02\/Blasons_Jean_Racine_et_Catherine_de_Romanet-300x87.jpg 300w, https:\/\/jeanracine.org\/cijr\/wp-content\/uploads\/2021\/02\/Blasons_Jean_Racine_et_Catherine_de_Romanet.jpg 598w\" sizes=\"auto, (max-width: 300px) 100vw, 300px\" \/><\/p>\n<p style=\"text-align: justify;\"><div class=\"menu-sa-vie-container\"><select class=\"mip-drop-nav\"><option value=\"#\">Pour en savoir plus...<\/option><option value=\"https:\/\/jeanracine.org\/cijr\/la-ferte-milon\/\">La Fert\u00e9-Milon<\/option>\n<option value=\"https:\/\/jeanracine.org\/cijr\/lenfance-a-port-royal\/\">Aux Petites Ecoles<\/option>\n<option value=\"https:\/\/jeanracine.org\/cijr\/lintendant-des-luynes\/\">L\u2019intendant des Luynes<\/option>\n<option value=\"https:\/\/jeanracine.org\/cijr\/le-sejour-a-uzes\/\">Le s\u00e9jour \u00e0 Uz\u00e8s<\/option>\n<option value=\"https:\/\/jeanracine.org\/cijr\/l-homme-de-theatre\/\">L&rsquo;homme de th\u00e9\u00e2tre<\/option>\n<option value=\"https:\/\/jeanracine.org\/cijr\/l-historiographe\/\">L&rsquo;historiographe<\/option>\n<option value=\"https:\/\/jeanracine.org\/cijr\/du-cote-de-saint-cyr\/\">Du c\u00f4t\u00e9 de Saint-Cyr<\/option>\n<option value=\"https:\/\/jeanracine.org\/cijr\/les-dernieres-annees\/\">Les derni\u00e8res ann\u00e9es<\/option>\n<\/select><\/div><\/p>\n","protected":false},"excerpt":{"rendered":"<p>Apr\u00e8s l\u2019\u00e9chec des man\u0153uvres qui devaient lui assurer un b\u00e9n\u00e9fice, Racine revient \u00e0 Paris au printemps 1663, et se lance de nouveau dans la carri\u00e8re des lettres. Il c\u00f4toie les Vitart, les Liancourt (proches de Port-Royal), et essaie d\u2019approcher les \u00e9crivains, en particulier Chapelain, charg\u00e9 d\u00e9sormais d\u2019accorder les pensions royales. En 1664, Racine b\u00e9n\u00e9ficie d\u2019une &hellip; <a href=\"https:\/\/jeanracine.org\/cijr\/l-homme-de-theatre\/\" class=\"more-link\">Continuer la lecture de <span class=\"screen-reader-text\">L&rsquo;homme de th\u00e9\u00e2tre<\/span>  <span class=\"meta-nav\">&rarr;<\/span><\/a><\/p>\n","protected":false},"author":1,"featured_media":453,"parent":0,"menu_order":0,"comment_status":"closed","ping_status":"closed","template":"","meta":{"spay_email":"","footnotes":""},"categories":[6],"tags":[],"class_list":["post-281","page","type-page","status-publish","has-post-thumbnail","hentry","category-la-vie"],"jetpack_sharing_enabled":true,"_links":{"self":[{"href":"https:\/\/jeanracine.org\/cijr\/wp-json\/wp\/v2\/pages\/281","targetHints":{"allow":["GET"]}}],"collection":[{"href":"https:\/\/jeanracine.org\/cijr\/wp-json\/wp\/v2\/pages"}],"about":[{"href":"https:\/\/jeanracine.org\/cijr\/wp-json\/wp\/v2\/types\/page"}],"author":[{"embeddable":true,"href":"https:\/\/jeanracine.org\/cijr\/wp-json\/wp\/v2\/users\/1"}],"replies":[{"embeddable":true,"href":"https:\/\/jeanracine.org\/cijr\/wp-json\/wp\/v2\/comments?post=281"}],"version-history":[{"count":12,"href":"https:\/\/jeanracine.org\/cijr\/wp-json\/wp\/v2\/pages\/281\/revisions"}],"predecessor-version":[{"id":760,"href":"https:\/\/jeanracine.org\/cijr\/wp-json\/wp\/v2\/pages\/281\/revisions\/760"}],"wp:featuredmedia":[{"embeddable":true,"href":"https:\/\/jeanracine.org\/cijr\/wp-json\/wp\/v2\/media\/453"}],"wp:attachment":[{"href":"https:\/\/jeanracine.org\/cijr\/wp-json\/wp\/v2\/media?parent=281"}],"wp:term":[{"taxonomy":"category","embeddable":true,"href":"https:\/\/jeanracine.org\/cijr\/wp-json\/wp\/v2\/categories?post=281"},{"taxonomy":"post_tag","embeddable":true,"href":"https:\/\/jeanracine.org\/cijr\/wp-json\/wp\/v2\/tags?post=281"}],"curies":[{"name":"wp","href":"https:\/\/api.w.org\/{rel}","templated":true}]}}